[INFO] cloning repository https://github.com/OriginalDecode/rust-learn
[INFO] running `Command { std: "git" "-c" "credential.helper=" "-c" "credential.helper=/workspace/cargo-home/bin/git-credential-null" "clone" "--bare" "https://github.com/OriginalDecode/rust-learn" "/workspace/cache/git-repos/https%3A%2F%2Fgithub.com%2FOriginalDecode%2Frust-learn", kill_on_drop: false }`
[INFO] [stderr] Cloning into bare repository '/workspace/cache/git-repos/https%3A%2F%2Fgithub.com%2FOriginalDecode%2Frust-learn'...
[INFO] running `Command { std: "git" "rev-parse" "HEAD", kill_on_drop: false }`
[INFO] [stdout] ab01070e41f7bd6800aea709bcf97fab6d2a8f3f
[INFO] checking OriginalDecode/rust-learn against master#9610dfe5a9a731ced1ea4923ecbd0c57fe367898 for beta-170-4
[INFO] running `Command { std: "git" "clone" "/workspace/cache/git-repos/https%3A%2F%2Fgithub.com%2FOriginalDecode%2Frust-learn" "/workspace/builds/worker-6-tc1/source", kill_on_drop: false }`
[INFO] [stderr] Cloning into '/workspace/builds/worker-6-tc1/source'...
[INFO] [stderr] done.
[INFO] validating manifest of git repo https://github.com/OriginalDecode/rust-learn on toolchain 9610dfe5a9a731ced1ea4923ecbd0c57fe367898
[INFO] running `Command { std: CARGO_HOME="/workspace/cargo-home" RUSTUP_HOME="/workspace/rustup-home" "/workspace/cargo-home/bin/cargo" "+9610dfe5a9a731ced1ea4923ecbd0c57fe367898" "metadata" "--manifest-path" "Cargo.toml" "--no-deps", kill_on_drop: false }`
[INFO] started tweaking git repo https://github.com/OriginalDecode/rust-learn
[INFO] finished tweaking git repo https://github.com/OriginalDecode/rust-learn
[INFO] tweaked toml for git repo https://github.com/OriginalDecode/rust-learn written to /workspace/builds/worker-6-tc1/source/Cargo.toml
[INFO] crate git repo https://github.com/OriginalDecode/rust-learn already has a lockfile, it will not be regenerated
[INFO] running `Command { std: CARGO_HOME="/workspace/cargo-home" RUSTUP_HOME="/workspace/rustup-home" "/workspace/cargo-home/bin/cargo" "+9610dfe5a9a731ced1ea4923ecbd0c57fe367898" "fetch" "--manifest-path" "Cargo.toml", kill_on_drop: false }`
[INFO] running `Command { std: "docker" "create" "-v" "/var/lib/crater-agent-workspace/builds/worker-6-tc1/target:/opt/rustwide/target:rw,Z" "-v" "/var/lib/crater-agent-workspace/builds/worker-6-tc1/source:/opt/rustwide/workdir:ro,Z" "-v" "/var/lib/crater-agent-workspace/cargo-home:/opt/rustwide/cargo-home:ro,Z" "-v" "/var/lib/crater-agent-workspace/rustup-home:/opt/rustwide/rustup-home:ro,Z" "-e" "SOURCE_DIR=/opt/rustwide/workdir" "-e" "CARGO_TARGET_DIR=/opt/rustwide/target" "-e" "CARGO_HOME=/opt/rustwide/cargo-home" "-e" "RUSTUP_HOME=/opt/rustwide/rustup-home" "-w" "/opt/rustwide/workdir" "-m" "1610612736" "--user" "0:0" "--network" "none" "ghcr.io/rust-lang/crates-build-env/linux@sha256:19e73879b68f455e41552ea35293514db52ea292d993f571636dbffedb77a1ee" "/opt/rustwide/cargo-home/bin/cargo" "+9610dfe5a9a731ced1ea4923ecbd0c57fe367898" "metadata" "--no-deps" "--format-version=1", kill_on_drop: false }`
[INFO] [stdout] eb31b35baddf91eb217df901f07c71d1cfc3c417d949c26cb1ce60fc1dc32909
[INFO] running `Command { std: "docker" "start" "-a" "eb31b35baddf91eb217df901f07c71d1cfc3c417d949c26cb1ce60fc1dc32909", kill_on_drop: false }`
[INFO] running `Command { std: "docker" "inspect" "eb31b35baddf91eb217df901f07c71d1cfc3c417d949c26cb1ce60fc1dc32909", kill_on_drop: false }`
[INFO] running `Command { std: "docker" "rm" "-f" "eb31b35baddf91eb217df901f07c71d1cfc3c417d949c26cb1ce60fc1dc32909", kill_on_drop: false }`
[INFO] [stdout] eb31b35baddf91eb217df901f07c71d1cfc3c417d949c26cb1ce60fc1dc32909
[INFO] running `Command { std: "docker" "create" "-v" "/var/lib/crater-agent-workspace/builds/worker-6-tc1/target:/opt/rustwide/target:rw,Z" "-v" "/var/lib/crater-agent-workspace/builds/worker-6-tc1/source:/opt/rustwide/workdir:ro,Z" "-v" "/var/lib/crater-agent-workspace/cargo-home:/opt/rustwide/cargo-home:ro,Z" "-v" "/var/lib/crater-agent-workspace/rustup-home:/opt/rustwide/rustup-home:ro,Z" "-e" "SOURCE_DIR=/opt/rustwide/workdir" "-e" "CARGO_TARGET_DIR=/opt/rustwide/target" "-e" "CARGO_INCREMENTAL=0" "-e" "RUST_BACKTRACE=full" "-e" "RUSTFLAGS=--cap-lints=forbid" "-e" "RUSTDOCFLAGS=--cap-lints=forbid" "-e" "CARGO_HOME=/opt/rustwide/cargo-home" "-e" "RUSTUP_HOME=/opt/rustwide/rustup-home" "-w" "/opt/rustwide/workdir" "-m" "1610612736" "--user" "0:0" "--network" "none" "ghcr.io/rust-lang/crates-build-env/linux@sha256:19e73879b68f455e41552ea35293514db52ea292d993f571636dbffedb77a1ee" "/opt/rustwide/cargo-home/bin/cargo" "+9610dfe5a9a731ced1ea4923ecbd0c57fe367898" "check" "--frozen" "--all" "--all-targets" "--message-format=json", kill_on_drop: false }`
[INFO] [stdout] ab2dadc2c1cd159ff776a2796f844434e6e68916ff1425333af8cb94fcca4678
[INFO] running `Command { std: "docker" "start" "-a" "ab2dadc2c1cd159ff776a2796f844434e6e68916ff1425333af8cb94fcca4678", kill_on_drop: false }`
[INFO] [stderr]     Checking rust-learn v0.1.0 (/opt/rustwide/workdir)
[INFO] [stdout] error[E0463]: can't find crate for `lazy_static`
[INFO] [stdout]  --> src/main.rs:3:1
[INFO] [stdout]   |
[INFO] [stdout] 3 | extern crate lazy_static;
[INFO] [stdout]   | ^^^^^^^^^^^^^^^^^^^^^^^^^ can't find crate
[INFO] [stdout] 
[INFO] [stdout] 
[INFO] [stdout] error[E0463]: can't find crate for `winapi`
[INFO] [stdout]  --> src/window.rs:3:1
[INFO] [stdout]   |
[INFO] [stdout] 3 | extern crate winapi;
[INFO] [stdout]   | ^^^^^^^^^^^^^^^^^^^^ can't find crate
[INFO] [stdout] 
[INFO] [stdout] 
[INFO] [stdout] error[E0463]: can't find crate for `chrono`
[INFO] [stdout]  --> src/logger.rs:1:1
[INFO] [stdout]   |
[INFO] [stdout] 1 | extern crate chrono;
[INFO] [stdout]   | ^^^^^^^^^^^^^^^^^^^^ can't find crate
[INFO] [stdout] 
[INFO] [stdout] 
[INFO] [stdout] error[E0433]: failed to resolve: could not find `windows` in `os`
[INFO] [stdout]   --> src/window.rs:11:15
[INFO] [stdout]    |
[INFO] [stdout] 11 |     use std::os::windows::prelude::*;
[INFO] [stdout]    |                  ^^^^^^^ could not find `windows` in `os`
[INFO] [stdout] 
[INFO] [stdout] 
[INFO] [stdout] error[E0463]: can't find crate for `lazy_static`
[INFO] [stdout]  --> src/main.rs:3:1
[INFO] [stdout]   |
[INFO] [stdout] 3 | extern crate lazy_static;
[INFO] [stdout]   | ^^^^^^^^^^^^^^^^^^^^^^^^^ can't find crate
[INFO] [stdout] 
[INFO] [stdout] 
[INFO] [stdout] error[E0463]: can't find crate for `winapi`
[INFO] [stdout]  --> src/window.rs:3:1
[INFO] [stdout]   |
[INFO] [stdout] 3 | extern crate winapi;
[INFO] [stdout]   | ^^^^^^^^^^^^^^^^^^^^ can't find crate
[INFO] [stdout] 
[INFO] [stdout] 
[INFO] [stdout] error[E0463]: can't find crate for `chrono`
[INFO] [stdout]  --> src/logger.rs:1:1
[INFO] [stdout]   |
[INFO] [stdout] 1 | extern crate chrono;
[INFO] [stdout]   | ^^^^^^^^^^^^^^^^^^^^ can't find crate
[INFO] [stdout] 
[INFO] [stdout] 
[INFO] [stdout] error[E0433]: failed to resolve: could not find `windows` in `os`
[INFO] [stdout]   --> src/window.rs:11:15
[INFO] [stdout]    |
[INFO] [stdout] 11 |     use std::os::windows::prelude::*;
[INFO] [stdout]    |                  ^^^^^^^ could not find `windows` in `os`
[INFO] [stdout] 
[INFO] [stdout] 
[INFO] [stdout] error: cannot find macro `lazy_static` in this scope
[INFO] [stdout]  --> src/logger.rs:8:1
[INFO] [stdout]   |
[INFO] [stdout] 8 | lazy_static!{ static ref LOGGER : Logger = Logger::new(); }
[INFO] [stdout]   | ^^^^^^^^^^^
[INFO] [stdout]   |
[INFO] [stdout] note: `lazy_static` is imported here, but it is an unresolved item, not a macro
[INFO] [stdout]  --> src/main.rs:3:1
[INFO] [stdout]   |
[INFO] [stdout] 3 | extern crate lazy_static;
[INFO] [stdout]   | ^^^^^^^^^^^^^^^^^^^^^^^^^
[INFO] [stdout] 
[INFO] [stdout] 
[INFO] [stdout] error: cannot find macro `lazy_static` in this scope
[INFO] [stdout]  --> src/logger.rs:8:1
[INFO] [stdout]   |
[INFO] [stdout] 8 | lazy_static!{ static ref LOGGER : Logger = Logger::new(); }
[INFO] [stdout]   | ^^^^^^^^^^^
[INFO] [stdout]   |
[INFO] [stdout] note: `lazy_static` is imported here, but it is an unresolved item, not a macro
[INFO] [stdout]  --> src/main.rs:3:1
[INFO] [stdout]   |
[INFO] [stdout] 3 | extern crate lazy_static;
[INFO] [stdout]   | ^^^^^^^^^^^^^^^^^^^^^^^^^
[INFO] [stdout] 
[INFO] [stdout] 
[INFO] [stdout] error[E0412]: cannot find type `MSG` in this scope
[INFO] [stdout]   --> src/window.rs:93:21
[INFO] [stdout]    |
[INFO] [stdout] 93 |         let mut message : MSG = std::mem::uninitialized();
[INFO] [stdout]    |                           ^^^ not found in this scope
[INFO] [stdout] 
[INFO] [stdout] 
[INFO] [stdout] error[E0412]: cannot find type `MSG` in this scope
[INFO] [stdout]   --> src/window.rs:94:40
[INFO] [stdout]    |
[INFO] [stdout] 94 |         if GetMessageW( &mut message as *mut MSG, window.handle, 0, 0 ) > 0 {
[INFO] [stdout]    |                                              ^^^ not found in this scope
[INFO] [stdout] 
[INFO] [stdout] 
[INFO] [stdout] error[E0412]: cannot find type `MSG` in this scope
[INFO] [stdout]   --> src/window.rs:95:41
[INFO] [stdout]    |
[INFO] [stdout] 95 |             TranslateMessage( &message as *const MSG );
[INFO] [stdout]    |                                                  ^^^ not found in this scope
[INFO] [stdout] 
[INFO] [stdout] 
[INFO] [stdout] error[E0412]: cannot find type `MSG` in this scope
[INFO] [stdout]   --> src/window.rs:96:41
[INFO] [stdout]    |
[INFO] [stdout] 96 |             DispatchMessageW( &message as *const MSG );
[INFO] [stdout]    |                                                  ^^^ not found in this scope
[INFO] [stdout] 
[INFO] [stdout] 
[INFO] [stdout] error[E0425]: cannot find value `LOGGER` in this scope
[INFO] [stdout]   --> src/logger.rs:69:5
[INFO] [stdout]    |
[INFO] [stdout] 69 |     LOGGER.write(msg);
[INFO] [stdout]    |     ^^^^^^ not found in this scope
[INFO] [stdout] 
[INFO] [stdout] 
[INFO] [stdout] warning: unused import: `logger`
[INFO] [stdout]  --> src/window.rs:8:5
[INFO] [stdout]   |
[INFO] [stdout] 8 | use logger;
[INFO] [stdout]   |     ^^^^^^
[INFO] [stdout]   |
[INFO] [stdout]   = note: `#[warn(unused_imports)]` on by default
[INFO] [stdout] 
[INFO] [stdout] 
[INFO] [stdout] warning: unused macro definition: `impl_mul`
[INFO] [stdout]   --> src/macros.rs:27:14
[INFO] [stdout]    |
[INFO] [stdout] 27 | macro_rules! impl_mul {
[INFO] [stdout]    |              ^^^^^^^^
[INFO] [stdout]    |
[INFO] [stdout]    = note: `#[warn(unused_macros)]` on by default
[INFO] [stdout] 
[INFO] [stdout] 
[INFO] [stdout] error[E0601]: `main` function not found in crate `rust_learn`
[INFO] [stdout]   --> src/main.rs:27:2
[INFO] [stdout]    |
[INFO] [stdout] 27 | }
[INFO] [stdout]    |  ^ consider adding a `main` function to `src/main.rs`
[INFO] [stdout] 
[INFO] [stdout] 
[INFO] [stdout] warning: crate-level attribute should be in the root module
[INFO] [stdout]  --> src/window.rs:2:1
[INFO] [stdout]   |
[INFO] [stdout] 2 | #![windows_subsystem = "windows"]
[INFO] [stdout]   | ^^^^^^^^^^^^^^^^^^^^^^^^^^^^^^^^^
[INFO] [stdout]   |
[INFO] [stdout]   = note: `#[warn(unused_attributes)]` on by default
[INFO] [stdout] 
[INFO] [stdout] 
[INFO] [stdout] warning: use of deprecated function `std::mem::uninitialized`: use `mem::MaybeUninit` instead
[INFO] [stdout]   --> src/window.rs:93:37
[INFO] [stdout]    |
[INFO] [stdout] 93 |         let mut message : MSG = std::mem::uninitialized();
[INFO] [stdout]    |                                           ^^^^^^^^^^^^^
[INFO] [stdout]    |
[INFO] [stdout]    = note: `#[warn(deprecated)]` on by default
[INFO] [stdout] 
[INFO] [stdout] 
[INFO] [stdout] error[E0412]: cannot find type `MSG` in this scope
[INFO] [stdout]   --> src/window.rs:93:21
[INFO] [stdout]    |
[INFO] [stdout] 93 |         let mut message : MSG = std::mem::uninitialized();
[INFO] [stdout]    |                           ^^^ not found in this scope
[INFO] [stdout] 
[INFO] [stdout] 
[INFO] [stdout] error[E0412]: cannot find type `MSG` in this scope
[INFO] [stdout]   --> src/window.rs:94:40
[INFO] [stdout]    |
[INFO] [stdout] 94 |         if GetMessageW( &mut message as *mut MSG, window.handle, 0, 0 ) > 0 {
[INFO] [stdout]    |                                              ^^^ not found in this scope
[INFO] [stdout] 
[INFO] [stdout] 
[INFO] [stdout] error[E0412]: cannot find type `MSG` in this scope
[INFO] [stdout]   --> src/window.rs:95:41
[INFO] [stdout]    |
[INFO] [stdout] 95 |             TranslateMessage( &message as *const MSG );
[INFO] [stdout]    |                                                  ^^^ not found in this scope
[INFO] [stdout] 
[INFO] [stdout] 
[INFO] [stdout] error[E0412]: cannot find type `MSG` in this scope
[INFO] [stdout]   --> src/window.rs:96:41
[INFO] [stdout]    |
[INFO] [stdout] 96 |             DispatchMessageW( &message as *const MSG );
[INFO] [stdout]    |                                                  ^^^ not found in this scope
[INFO] [stdout] 
[INFO] [stdout] 
[INFO] [stdout] error[E0425]: cannot find value `LOGGER` in this scope
[INFO] [stdout]   --> src/logger.rs:69:5
[INFO] [stdout]    |
[INFO] [stdout] 69 |     LOGGER.write(msg);
[INFO] [stdout]    |     ^^^^^^ not found in this scope
[INFO] [stdout] 
[INFO] [stdout] 
[INFO] [stdout] warning: unused import: `logger`
[INFO] [stdout]  --> src/window.rs:8:5
[INFO] [stdout]   |
[INFO] [stdout] 8 | use logger;
[INFO] [stdout]   |     ^^^^^^
[INFO] [stdout]   |
[INFO] [stdout]   = note: `#[warn(unused_imports)]` on by default
[INFO] [stdout] 
[INFO] [stdout] 
[INFO] [stdout] warning: unused macro definition: `impl_mul`
[INFO] [stdout]   --> src/macros.rs:27:14
[INFO] [stdout]    |
[INFO] [stdout] 27 | macro_rules! impl_mul {
[INFO] [stdout]    |              ^^^^^^^^
[INFO] [stdout]    |
[INFO] [stdout]    = note: `#[warn(unused_macros)]` on by default
[INFO] [stdout] 
[INFO] [stdout] 
[INFO] [stdout] warning: crate-level attribute should be in the root module
[INFO] [stdout]  --> src/window.rs:2:1
[INFO] [stdout]   |
[INFO] [stdout] 2 | #![windows_subsystem = "windows"]
[INFO] [stdout]   | ^^^^^^^^^^^^^^^^^^^^^^^^^^^^^^^^^
[INFO] [stdout]   |
[INFO] [stdout]   = note: `#[warn(unused_attributes)]` on by default
[INFO] [stdout] 
[INFO] [stdout] 
[INFO] [stdout] warning: use of deprecated function `std::mem::uninitialized`: use `mem::MaybeUninit` instead
[INFO] [stdout]   --> src/window.rs:93:37
[INFO] [stdout]    |
[INFO] [stdout] 93 |         let mut message : MSG = std::mem::uninitialized();
[INFO] [stdout]    |                                           ^^^^^^^^^^^^^
[INFO] [stdout]    |
[INFO] [stdout]    = note: `#[warn(deprecated)]` on by default
[INFO] [stdout] 
[INFO] [stdout] 
[INFO] [stdout] error[E0599]: no method named `encode_wide` found for reference `&OsStr` in the current scope
[INFO] [stdout]   --> src/window.rs:12:32
[INFO] [stdout]    |
[INFO] [stdout] 12 |     std::ffi::OsStr::new( value ).encode_wide().chain( std::iter::once( 0 ) ).collect()
[INFO] [stdout]    |                                   ^^^^^^^^^^^ method not found in `&OsStr`
[INFO] [stdout] 
[INFO] [stdout] 
[INFO] [stdout] error[E0425]: cannot find function, tuple struct or tuple variant `GetMessageW` in this scope
[INFO] [stdout]   --> src/window.rs:94:6
[INFO] [stdout]    |
[INFO] [stdout] 94 |         if GetMessageW( &mut message as *mut MSG, window.handle, 0, 0 ) > 0 {
[INFO] [stdout]    |            ^^^^^^^^^^^ not found in this scope
[INFO] [stdout] 
[INFO] [stdout] 
[INFO] [stdout] error[E0425]: cannot find function, tuple struct or tuple variant `TranslateMessage` in this scope
[INFO] [stdout]   --> src/window.rs:95:4
[INFO] [stdout]    |
[INFO] [stdout] 95 |             TranslateMessage( &message as *const MSG );
[INFO] [stdout]    |             ^^^^^^^^^^^^^^^^ not found in this scope
[INFO] [stdout] 
[INFO] [stdout] 
[INFO] [stdout] error[E0425]: cannot find function, tuple struct or tuple variant `DispatchMessageW` in this scope
[INFO] [stdout]   --> src/window.rs:96:4
[INFO] [stdout]    |
[INFO] [stdout] 96 |             DispatchMessageW( &message as *const MSG );
[INFO] [stdout]    |             ^^^^^^^^^^^^^^^^ not found in this scope
[INFO] [stdout] 
[INFO] [stdout] 
[INFO] [stdout] error[E0599]: no method named `encode_wide` found for reference `&OsStr` in the current scope
[INFO] [stdout]   --> src/window.rs:12:32
[INFO] [stdout]    |
[INFO] [stdout] 12 |     std::ffi::OsStr::new( value ).encode_wide().chain( std::iter::once( 0 ) ).collect()
[INFO] [stdout]    |                                   ^^^^^^^^^^^ method not found in `&OsStr`
[INFO] [stdout] 
[INFO] [stdout] 
[INFO] [stdout] error[E0425]: cannot find function, tuple struct or tuple variant `GetMessageW` in this scope
[INFO] [stdout]   --> src/window.rs:94:6
[INFO] [stdout]    |
[INFO] [stdout] 94 |         if GetMessageW( &mut message as *mut MSG, window.handle, 0, 0 ) > 0 {
[INFO] [stdout]    |            ^^^^^^^^^^^ not found in this scope
[INFO] [stdout] 
[INFO] [stdout] 
[INFO] [stdout] error[E0425]: cannot find function, tuple struct or tuple variant `TranslateMessage` in this scope
[INFO] [stdout]   --> src/window.rs:95:4
[INFO] [stdout]    |
[INFO] [stdout] 95 |             TranslateMessage( &message as *const MSG );
[INFO] [stdout]    |             ^^^^^^^^^^^^^^^^ not found in this scope
[INFO] [stdout] 
[INFO] [stdout] 
[INFO] [stdout] error[E0425]: cannot find function, tuple struct or tuple variant `DispatchMessageW` in this scope
[INFO] [stdout]   --> src/window.rs:96:4
[INFO] [stdout]    |
[INFO] [stdout] 96 |             DispatchMessageW( &message as *const MSG );
[INFO] [stdout]    |             ^^^^^^^^^^^^^^^^ not found in this scope
[INFO] [stdout] 
[INFO] [stdout] 
[INFO] [stdout] error: aborting due to 15 previous errors; 4 warnings emitted
[INFO] [stdout] 
[INFO] [stdout] 
[INFO] [stdout] Some errors have detailed explanations: E0412, E0425, E0433, E0463, E0599, E0601.
[INFO] [stdout] 
[INFO] [stdout] For more information about an error, try `rustc --explain E0412`.
[INFO] [stdout] 
[INFO] [stderr] error: could not compile `rust-learn` (bin "rust-learn") due to 16 previous errors; 4 warnings emitted
[INFO] [stderr] warning: build failed, waiting for other jobs to finish...
[INFO] [stdout] error: aborting due to 14 previous errors; 4 warnings emitted
[INFO] [stdout] 
[INFO] [stdout] 
[INFO] [stdout] Some errors have detailed explanations: E0412, E0425, E0433, E0463, E0599.
[INFO] [stdout] 
[INFO] [stdout] For more information about an error, try `rustc --explain E0412`.
[INFO] [stdout] 
[INFO] [stderr] error: could not compile `rust-learn` (bin "rust-learn" test) due to 15 previous errors; 4 warnings emitted
[INFO] running `Command { std: "docker" "inspect" "ab2dadc2c1cd159ff776a2796f844434e6e68916ff1425333af8cb94fcca4678", kill_on_drop: false }`
[INFO] running `Command { std: "docker" "rm" "-f" "ab2dadc2c1cd159ff776a2796f844434e6e68916ff1425333af8cb94fcca4678", kill_on_drop: false }`
[INFO] [stdout] ab2dadc2c1cd159ff776a2796f844434e6e68916ff1425333af8cb94fcca4678
